ivided by ((-40)/m)/(3/((-99)/22))?
22
Suppose 6438 = 90*z - 76002. Calculate the remainder when z is divided by 317.
282
Suppose 0 = -2*m + 16, 0 = -k + 2*k + 2*m - 67. What is the remainder when 1543 is divided by k?
13
Suppose y - 4 = -3. Suppose -j - 18 = -3*q, 3*j = -0*q - 2*q + 1. What is the remainder when (8 - 7)/(y/7) is divided by q?
2
Let v(s) = s**2 + 12*s + 22. Let u = -11 - -12. Let o(j) = -17*j**2 + 3*j + 2. Let g be o(u). Calculate the remainder when 85 is divided by v(g).
19
Let z(h) = -25*h - 10. Let b(m) = -1. Let q(n) = 3*b(n) - z(n). Let y(k) = -29*k**3 - 3*k**2 - 9*k - 7. Calculate the remainder when q(4) is divided by y(-1).
23
Suppose -x - h + 31 = 6, 4*x - 109 = 5*h. Calculate the remainder when 1867 is divided by x.
21
Suppose -4*x + 138 = 4*i - 98, 5*x + 2*i = 286. Calculate the remainder when 333 is divided by x.
53
Suppose -52*t - 15*t + 3788 + 2309 = 0. Calculate the remainder when 5640 is divided by t.
89
Let x = -287 - -297. Suppose -x*w = -864 - 76. What is the remainder when w is divided by 30?
4
Let o(j) = 87*j + 694. Let u = 785 + -785. What is the remainder when o(u) is divided by 24?
22
Suppose 37*p - 4536 = -18*p - p. Calculate the remainder when 578 is divided by p.
11
Suppose 28*d + 91*d - 3640 = 28*d. What is the remainder when 69 is divided by d?
29
Let i = -4933 - -7822. Suppose 16*w - 43*w = -i. Calculate the remainder when w is divided by 12.
11
Suppose -4*p + 0*f = 2*f - 592, -p + 5*f = -137. Suppose p = 9*a - 24. Let u = -2 + a. Calculate the remainder when u is divided by 10.
7
Let u be 1 + 1 - 9/(-9). Suppose -2*w + 477 = u*r - 85, 0 = 2*r + 8. Calculate the remainder when w is divided by -28*(-3)/3 + (1 - 0).
26
Calculate the remainder when 98 is divided by 7 + -2 - (25/(-5) + 6).
2
Let t(r) = -r**2 - 474*r + 15694. Suppose -2*l = -3*m + 6 - 227, -l - 4*m + 127 = 0. Calculate the remainder when l is divided by t(31).
37
Let v be (42 - 43)/(1 + 439/(-438)). Suppose 30*a - 1278 = -v. Calculate the remainder when 249 is divided by a.
25
Suppose -5368 = 16*z - 5976. What is the remainder when 2165 is divided by z?
37
Let t(k) = -108*k - 1292. Let s = -5 + 8. Suppose -4*i + 21 = -s. What is the remainder when i is divided by t(-12)?
2
Suppose -5*n - 174 = 4*m, 2*m = -2*n - 41 - 29. Let b = -19 - n. Let d(u) = u**2 + 10178*u - 101872. What is the remainder when b is divided by d(10)?
7
Let m = 60 + -40. Let t = 8 + 26. Suppose 0 = -8*q + 278 + t. Calculate the remainder when q is divided by m.
19
Suppose 0 = -46*t + 81*t - 45640. Calculate the remainder when t is divided by 10.
4
Let u(o) = o**3 + 12*o**2 + 9*o - 11. Let z(w) = -w**2 - w - 11. Let c be z(0). What is the remainder when 163 is divided by u(c)?
9
Let y(a) = -a**3 + 21*a**2 + 2*a - 4. Let m(g) = -g**3 + 6*g**2 - 2*g + 6. Let t be m(5). Suppose u - 19 = 2. What is the remainder when y(t) is divided by u?
17
Let s(h) = 3*h**2 - 2*h + 10. Let t be s(-5). Suppose 4*k + w = -2*w + 65, -5*k = w - t. What is the remainder when k is divided by (16/(-6))/((-1)/3)?
4
Let y = -73 - -83. Suppose -276 = y*r - 1176. What is the remainder when r is divided by 22?
2
Let k(x) = 296*x**2 + 29*x + 135. Calculate the remainder when k(-4) is divided by 82.
81
Let f(j) = -7*j**3 - 11*j**2 - 13*j - 7. Suppose 13 = -11*z - 31. What is the remainder when f(z) is divided by 53?
52
Let u(v) = v**2 - 27. Suppose 0 = 12*g - 620 - 232. What is the remainder when g is divided by u(-8)?
34
Let i(k) = k**3 - k**2 + k + 113. Let x = 250661 - 250655. What is the remainder when i(0) is divided by x?
5
Let p(l) = -3*l**2 - 2*l + 321. What is the remainder when 560 is divided by p(-9)?
80
Suppose 0 = -6*b + 27 + 315. What is the remainder when 211 is divided by b?
40
Suppose 4*b - 3*t - 49 = 0, 15*b - 4*t = 16*b - 17. What is the remainder when b is divided by -4*5/(-2) + -3?
6
Let w(v) = 2*v**3 + 31*v**2 + 14*v - 13. Let y be w(-15). Suppose 2*j - 14 = 4*q, -30 = -y*j - 4*q - 0*q. Calculate the remainder when 97 is divided by j.
9
Let r = -2537 + 2607. What is the remainder when r is divided by 20?
10
Suppose -2*i - 4*z + 20 + 40 = 0, -3*i - 3*z = -75. Suppose -34 = t + 3*f - 118, 411 = 4*t - 3*f. What is the remainder when t is divided by i?
19
Suppose v + 8315 = 29*c, -3*v = 4*c - 688 - 484. What is the remainder when 1401 is divided by c?
253
Let a = 138 - 137. Calculate the remainder when (a - (1 - -155))*(-84)/210 is divided by 24.
14
Suppose 0 = -24*d + 15882 + 4088 - 1394. Calculate the remainder when d is divided by 354.
66
Suppose -59*g + 55*g = -4*a - 24368, -5*g = -2*a - 30448. What is the remainder when g is divided by 70?
68
Let d be (-3 + 3 + 2)*2. Suppose d*v = 10*v. Suppose -4*f - 16 = -3*j, -4*j - 3*f - f + 68 = v. What is the remainder when j is divided by 2?
0
Let x(s) = 2*s**2 + 200*s + 62. What is the remainder when 5328 is divided by x(-100)?
58
Let q(i) = -4478*i**3 - 120*i**2 - 118*i + 3. What is the remainder when q(-1) is divided by 10?
9
Let d = 8 + 13. Let z be 8/4*-1 - -141. Let l = z + -133. Calculate the remainder when d is divided by l.
3
Suppose -s + 26178 = 8855. Calculate the remainder when s is divided by 55.
53
Let g(x) = -35*x**3 + 2*x**2 + 13*x + 7. Let w be g(-2). Suppose -259 = -12*a + w. Calculate the remainder when a is divided by 23.
21
Suppose -r + 4 = -0*r. Suppose -4*c = 4*v + 92, -6 - 7 = c - r*v. Calculate the remainder when 172 is divided by (-595)/c - 5/(15/(-2)).
27
Calculate the remainder when 35 is divided by (44/(-14) - -5)*(-245)/(-35).
9
Let y(d) = -41*d + 146. Let n be y(4). Let h = -29 - -59. What is the remainder when ((-42)/(-28))/(n/(-696)) is divided by h?
28
Let l = -14 - -19. Suppose r = -3*a - 0*a + 17, r + 15 = l*a. Suppose r*d = -0*d + 325. Calculate the remainder when d is divided by 10.
5
Let q = 171 - 112. Suppose 282*d - 103173 = -75*d. What is the remainder when d is divided by q?
53
Let m = -5 + 4. What is the remainder when m/(428/(-142) - -3)*1 is divided by 37?
34
Suppose 2085 = 118*o - 5349. What is the remainder when o is divided by 7?
0
What is the remainder when (37290/100 - -4) + (-3)/(-30) is divided by 48?
41
Suppose -89*i = -11774 - 57201. Calculate the remainder when i is divided by 253.
16
Suppose 0 = -p - 11*q + 12*q + 11024, 5*q = 4*p - 44103. What is the remainder when p is divided by 15?
7
Let n(x) = 2*x**2 + 13*x + 14. Let m = -355 - -372. What is the remainder when n(-8) is divided by m?
4
Let k be (0 - -1)/(2/30). Let y(p) = p + 2. Let s(r) = 7*r + 12. Let l(a) = s(a) - 6*y(a). Calculate the remainder when 57 is divided by l(k).
12
Calculate the remainder when 218 is divided by -3 + 13 + (0 - -12).
20
Let f = -392 - -555. Suppose -s - f = -4*a, a - 4*s - 14 - 38 = 0. What is the remainder when 132 is divided by a?
12
Let w(j) = 957*j + 7105. What is the remainder when w(-6) is divided by 11?
10
Let z(c) = c**3 + 3*c**2 - 53*c + 5. Let h be z(-9). What is the remainder when 143 is divided by h - -44 - -6*(-2)/4?
32
Suppose -a - 66 = -2*a. Let r be (-2 - a/(-14)) + (-12)/(-42). Suppose -160 = -s - r*s. What is the remainder when s is divided by 16?
8
Let d = -20 + 44. Let i = 5 + d. Calculate the remainder when i is divided by 18.
11
Let a(z) = -169*z - 781. Calculate the remainder when 786 is divided by a(-5).
18
Let n(u) = u**3 - 3*u**2 - 2*u - 7. Let m = -79 + 73. Let p(d) = 2*d**3 + 8*d**2 - 28*d - 11. Calculate the remainder when n(5) is divided by p(m).
7
Let l = 3690 + -3605. Suppose 8*k - 60 = 4*k. What is the remainder when l is divided by k?
10
Let k(l) = 4*l**3 + 2*l**2 - 6. Let z be k(-2). Let j = -12 - z. What is the remainder when 115 is divided by j?
7
Let i(l) = l**2 - l**3 + 4*l**2 + l + l**2 + 9 - 4*l. Calculate the remainder when 36/7*(2 - -5) is divided by i(5).
17
Suppose 8430 - 46446 = -87*b + 33585. What is the remainder when b is divided by 259?
46
Let z be 1/((-5)/30*3). Let a be (z/(-3))/(4/(-6)) + 4. Suppose o = a*x - 60 - 71, -5*o = 25. What is the remainder when x is divided by 16?
10
Let h = -2459 - -2471. What is the remainder when 1436 is divided by h?
8
Suppose 0 = c + 4*u - 116, 132 = c - 7*u + 3*u. Suppose -4*i - 8*o = -12*o - 128, 5*o = 4*i - c. Calculate the remainder when 103 is divided by i.
31
Suppose -3*o + 241 = 2*t, 4*t + o - 2*o = 489